, 131
List the prime factors of 67912.
2, 13, 653
What are the prime factors of 1787?
1787
What are the prime factors of 259?
7, 37
List the prime factors of 83247.
3, 27749
List the prime factors of 42959.
7, 17, 19
List the prime factors of 890.
2, 5, 89
What are the prime factors of 25381?
17, 1493
What are the prime factors of 57204?
2, 3, 7, 227
What are the prime factors of 16225?
5, 11, 59
List the prime factors of 9876.
2, 3, 823
What are the prime factors of 1662?
2, 3, 277
List the prime factors of 33157.
71, 467
List the prime factors of 3266.
2, 23, 71
What are the prime factors of 79060?
2, 5, 59, 67
What are the prime factors of 36475?
5, 1459
List the prime factors of 3760.
2, 5, 47
List the prime factors of 7911.
3, 293
What are the prime factors of 2484?
2, 3, 23
List the prime factors of 1364.
2, 11, 31
List the prime factors of 12423.
3, 41, 101
What are the prime factors of 16408?
2, 7, 293
List the prime factors of 834.
2, 3, 139
List the prime factors of 7717.
7717
List the prime factors of 81266.
2, 179, 227
List the prime factors of 11002.
2, 5501
List the prime factors of 16989.
3, 7, 809
List the prime factors of 47744.
2, 373
List the prime factors of 57909.
3, 97, 199
What are the prime factors of 5879?
5879
List the prime factors of 4145.
5, 829
List the prime factors of 1052.
2, 263
What are the prime factors of 377?
13, 29
What are the prime factors of 122?
2, 61
List the prime factors of 876.
2, 3, 73
List the prime factors of 20009.
11, 17, 107
What are the prime factors of 4429?
43, 103
What are the prime factors of 4989?
3, 1663
List the prime factors of 8621.
37, 233
List the prime factors of 2335.
5, 467
What are the prime factors of 26618?
2, 13309
What are the prime factors of 2259?
3, 251
What are the prime factors of 2560?
2, 5
What are the prime factors of 29385?
3, 5, 653
What are the prime factors of 11149?
11149
List the prime factors of 18522.
2, 3, 7
What are the prime factors of 1638?
2, 3, 7, 13
What are the prime factors of 4684?
2, 1171
What are the prime factors of 1252?
2, 313
What are the prime factors of 13519?
11, 1229
List the prime factors of 164000.
2, 5, 41
List the prime factors of 1352.
2, 13
List the prime factors of 6814.
2, 3407
List the prime factors of 9406.
2, 4703
List the prime factors of 10346.
2, 7, 739
What are the prime factors of 10862?
2, 5431
What are the prime factors of 4741?
11, 431
List the prime factors of 1229.
1229
What are the prime factors of 2948?
2, 11, 67
List the prime factors of 14688.
2, 3, 17
List the prime factors of 3476.
2, 11, 79
List the prime factors of 778.
2, 389
What are the prime factors of 7035?
3, 5, 7, 67
List the prime factors of 11538.
2, 3, 641
List the prime factors of 5036.
2, 1259
What are the prime factors of 3226?
2, 1613
List the prime factors of 143659.
19, 7561
List the prime factors of 7412.
2, 17, 109
What are the prime factors of 574?
2, 7, 41
List the prime factors of 2620.
2, 5, 131
What are the prime factors of 27470?
2, 5, 41, 67
What are the prime factors of 548?
2, 137
What are the prime factors of 992?
2, 31
What are the prime factors of 1001?
7, 11, 13
What are the prime factors of 822?
2, 3, 137
List the prime factors of 1736.
2, 7, 31
List the prime factors of 382.
2, 191
List the prime factors of 781.
11, 71
What are the prime factors of 2165?
5, 433
What are the prime factors of 27842?
2, 13921
List the prime factors of 1555.
5, 311
List the prime factors of 13104.
2, 3, 7, 13
List the prime factors of 21948.
2, 3, 31, 59
What are the prime factors of 555?
3, 5, 37
What are the prime factors of 609?
3, 7, 29
What are the prime factors of 25715?
5, 37, 139
What are the prime factors of 49?
7
List the prime factors of 14201.
11, 1291
What are the prime factors of 2065?
5, 7, 59
What are the prime factors of 15828?
2, 3, 1319
What are the prime factors of 21380?
2, 5, 1069
List the prime factors of 103.
103
List the prime factors of 11882.
2, 13, 457
List the prime factors of 50964.
2, 3, 31, 137
List the prime factors of 79248.
2, 3, 13, 127
List the prime factors of 344.
2, 43
List the prime factors of 368.
2, 23
What are the prime factors of 1176?
2, 3, 7
What are the prime factors of 2894?
2, 1447
What are the prime factors of 742?
2, 7, 53
List the prime factors of 1093.
1093
What are the prime factors of 11351?
11351
List the prime factors of 11673.
3, 1297
List the prime factors of 81028.
2, 47, 431
What are the prime factors of 10719?
3, 397
List the prime factors of 1288.
2, 7, 23
What are the prime factors of 19168?
2, 599
List the prime factors of 9546.
2, 3, 37, 43
List the prime factors of 10045.
5, 7, 41
List the prime factors of 40444.
2, 10111
List the prime factors of 1928.
2, 241
List the prime factors of 4019.
4019
What are the prime factors of 4280?
2, 5, 107
What are the prime factors of 15859?
15859
List the prime factors of 6033.
3, 2011
List the prime factors of 1913.
1913
What are the prime factors of 45112?
2, 5639
What are the prime factors of 1519?
7, 31
List the prime factors of 9616.
2, 601
What are the prime factors of 931?
7, 19
What are the prime factors of 5305?
5, 1061
What are the prime factors of 35304?
2, 3, 1471
What are the prime factors of 48656?
2, 3041
List the prime factors of 1558.
2, 19, 41
List the prime factors of 11666.
2, 19, 307
List the prime factors of 214.
2, 107
What are the prime factors of 18119?
18119
List the prime factors of 15784.
2, 1973
What are the prime factors of 6291?
3, 233
List the prime factors of 6099.
3, 19, 107
What are the prime factors of 61880?
2, 5, 7, 13, 17
What are the prime factors of 32585?
5, 7, 19
List the prime factors of 3628.
2, 907
What are the prime factors of 60021?
3, 13, 19
List the prime factors of 1773.
3, 197
List the prime factors of 5800.
2, 5, 29
List the prime factors of 973.
7, 139
What are the prime factors of 7639?
7639
List the prime factors of 6398.
2, 7, 457
What are the prime factors of 2874?
2, 3, 479
What are the prime factors of 1633?
23, 71
What are the prime factors of 1449?
3, 7, 23
List the prime factors of 339.
3, 113
What are the prime factors of 25973?
19, 1367
List the prime factors of 63998.
2, 11, 2909
List the prime factors of 6642.
2, 3, 41
List the prime factors of 337.
337
What are the prime factors of 3333?
3, 11, 101
List the prime factors of 160.
2, 5
What are the prime factors of 2154?
2, 3, 359
List the prime factors of 85191.
3, 73, 389
What are the prime factors of 12802?
2, 37, 173
List the prime factors of 593.
593
What are the prime factors of 1891?
31, 61
What are the prime factors of 1185?
3, 5, 79
List the prime factors of 41565.
3, 5, 17, 163
What are the prime factors of 8702?
2, 19, 229
What are the prime factors of 17965?
5, 3593
List the prime factors of 101875.
5, 163
What are the prime factors of 2742?
2, 3, 457
What are the prime factors of 2128?
2, 7, 19
What are the prime factors of 13645?
5, 2729
List the prime factors of 28788.
2, 3, 2399
What are the prime factors of 5642?
2, 7, 13, 31
List the prime factors of 7334.
2, 19, 193
List the prime factors of 33010.
2, 5, 3301
List the prime factors of 78615.
3, 5, 1747
What are the prime factors of 756?
2, 3, 7
List the prime factors of 1255.
5, 251
What are the prime factors of 77520?
2, 3, 5, 17, 19
What are the prime factors of 22708?
2, 7, 811
What are the prime factors of 105775?
5, 4231
What are the prime factors of 3779?
3779
What are the prime factors of 14489?
14489
List the prime factors of 1587.
3, 23
What are the prime factors of 93503?
93503
List the prime factors of 3384.
2, 3, 47
What are the prime factors of 71827?
7, 31, 331
What are the prime factors of 3414?
2, 3, 569
List the prime factors of 4300.
2, 5, 43
List the prime factors of 70943.
61, 1163
List the prime factors of 299.
13, 23
List the prime factors of 5283.
3, 587
What are the prime factors of 1506?
2, 3, 251
List the prime factors of 5946.
2, 3, 991
What are the prime factors of 340?
2, 5, 17
List the prime factors of 2115.
3, 5, 47
What are the prime factors of 12845?
5, 7, 367
What are the prime factors of 4970?
2, 5, 7, 71
What are the prime factors of 9605?
5, 17, 113
List the prime factors of 1340.
2, 5, 67
What are the prime factors o